mmon factor of 549 and 300303?
549
What is the highest common factor of 710 and 450140?
710
What is the greatest common factor of 360 and 56664?
72
What is the highest common factor of 215 and 10495?
5
Calculate the greatest common factor of 56 and 83426.
14
Calculate the highest common factor of 2990 and 42458.
598
What is the highest common factor of 2065 and 7847?
413
What is the highest common divisor of 18559 and 335?
67
Calculate the highest common factor of 25 and 3694675.
25
What is the greatest common factor of 949 and 3380?
13
Calculate the highest common factor of 180800 and 248.
8
What is the highest common divisor of 1024590 and 1176?
294
Calculate the highest common factor of 639 and 12709.
71
Calculate the highest common divisor of 22391 and 7.
1
Calculate the greatest common divisor of 20068 and 464.
116
Calculate the highest common factor of 6306 and 1398.
6
What is the highest common factor of 3443 and 46376?
11
What is the highest common divisor of 52 and 549588?
52
Calculate the highest common divisor of 444850 and 70.
70
Calculate the greatest common factor of 44 and 177628.
44
Calculate the highest common divisor of 1357565 and 22.
11
What is the highest common divisor of 122366 and 17?
17
Calculate the greatest common divisor of 36 and 1088.
4
Calculate the highest common divisor of 240 and 165840.
240
What is the greatest common factor of 3068 and 17641?
767
What is the highest common divisor of 344 and 141728?
344
Calculate the greatest common divisor of 217690 and 110.
110
What is the highest common factor of 20720 and 799015?
1295
What is the highest common divisor of 66971 and 29842?
347
What is the greatest common factor of 53808 and 2128?
304
Calculate the greatest common divisor of 3125172 and 24.
12
What is the highest common factor of 51802 and 236?
118
Calculate the highest common divisor of 163180 and 8.
4
Calculate the highest common divisor of 182 and 93236.
26
Calculate the highest common divisor of 265244 and 4.
4
Calculate the greatest common factor of 1252 and 1134312.
1252
What is the highest common divisor of 91838 and 658?
94
What is the greatest common divisor of 80 and 920?
40
Calculate the highest common divisor of 134791 and 37.
37
Calculate the highest common divisor of 6234326 and 4242.
1414
What is the highest common divisor of 3665 and 520?
5
Calculate the highest common divisor of 1205651 and 71.
71
What is the greatest common divisor of 1180 and 51035?
295
What is the greatest common factor of 18052 and 4?
4
What is the highest common factor of 29282 and 146?
2
Calculate the highest common factor of 17838 and 432.
18
What is the highest common divisor of 696 and 848076?
348
What is the highest common divisor of 1883 and 28?
7
Calculate the highest common factor of 56970 and 70.
10
What is the highest common factor of 55211 and 299?
13
Calculate the greatest common divisor of 175930 and 1095.
365
Calculate the greatest common divisor of 7498 and 92.
46
What is the highest common factor of 221 and 6162?
13
What is the greatest common factor of 4092 and 759?
33
What is the greatest common factor of 27975 and 98472?
1119
Calculate the highest common factor of 2926 and 19789.
77
Calculate the highest common divisor of 15366 and 1066.
26
What is the highest common factor of 4116 and 692517?
1029
What is the highest common divisor of 733 and 27?
1
Calculate the highest common factor of 91977 and 86.
43
Calculate the highest common factor of 95281 and 1262.
631
What is the greatest common factor of 1368 and 50768?
152
Calculate the highest common factor of 511 and 253091.
73
Calculate the highest common factor of 566880 and 960.
480
Calculate the highest common divisor of 472579 and 101.
101
Calculate the highest common divisor of 684 and 8436.
228
Calculate the highest common factor of 2555 and 14600.
365
What is the highest common factor of 235507 and 71?
71
Calculate the highest common divisor of 1679 and 25623.
73
Calculate the highest common divisor of 20699 and 77.
7
Calculate the highest common divisor of 157 and 397367.
157
What is the greatest common divisor of 57128 and 4366?
74
What is the highest common divisor of 48843 and 4050?
81
What is the highest common factor of 4140 and 4420?
20
What is the greatest common divisor of 1296 and 510381?
81
What is the highest common divisor of 37026 and 204?
102
What is the greatest common factor of 922198 and 366?
122
What is the highest common divisor of 9 and 1775349?
9
Calculate the highest common factor of 660 and 1860.
60
Calculate the highest common divisor of 196 and 26162276.
196
Calculate the greatest common factor of 107 and 435276.
107
What is the highest common factor of 91 and 159159?
91
Calculate the greatest common factor of 22040 and 207640.
1160
Calculate the highest common divisor of 1957 and 165006.
103
What is the greatest common divisor of 146 and 17666?
146
Calculate the highest common divisor of 174 and 5016.
6
Calculate the highest common factor of 47 and 9588.
47
Calculate the highest common factor of 84770 and 1960.
490
What is the greatest common divisor of 791868 and 352?
44
What is the highest common divisor of 44 and 120857?
11
What is the greatest common divisor of 56 and 30544?
8
What is the greatest common divisor of 952 and 925848?
56
What is the greatest common divisor of 515 and 607391?
103
Calculate the highest common divisor of 2 and 99842.
2
Calculate the greatest common divisor of 101014 and 85.
17
Calculate the highest common factor of 5 and 236815.
5
What is the highest common factor of 183762 and 2324?
166
Calculate the highest common divisor of 153 and 65952.
9
What is the greatest common factor of 112 and 1339968?
112
Calculate the greatest common divisor of 212 and 162286.
106
What is the greatest common divisor of 224312 and 88?
88
Calculate the highest common factor of 29869 and 833.
119
Calculate the highest common divisor of 115 and 42481.
23
What is the greatest common divisor of 14196 and 105924?
1092
Calculate the greatest common divisor of 824 and 72821.
103
Calculate the greatest common divisor of 257971 and 14.
7
What is the greatest common factor of 79672 and 92?
92
What is the greatest common divisor of 2499079 and 22?
11
Calculate the highest common divisor of 315 and 34538.
7
Calculate the greatest common divisor of 423 and 18567.
9
What is the greatest common factor of 4005 and 3471?
267
Calculate the highest common divisor of 5918 and 198.
22
Calculate the greatest common factor of 3962 and 5377.
283
Calculate the greatest common divisor of 36 and 286236.
36
Calculate the highest common factor of 4650 and 1200.
150
Calculate the highest common divisor of 62624 and 1824.
608
Calculate the highest common divisor of 1380 and 1935.
15
What is the highest common factor of 83715 and 3075?
15
What is the greatest common factor of 47110 and 4200?
70
What is the highest common factor of 12 and 17716836?
12
What is the greatest common factor of 130 and 172575?
65
Calculate the greatest common factor of 14 and 70322.
14
What is the highest common divisor of 32956 and 70192?
428
What is the highest common factor of 31512 and 5616?
312
Calculate the greatest common divisor of 4408 and 2451950.
1102
What is the greatest common factor of 25361 and 49?
7
Calculate the greatest common factor of 9642 and 14.
2
Calculate the highest common factor of 9541 and 63.
7
Calculate the greatest common divisor of 3097250 and 125.
125
What is the highest common divisor of 78 and 15197?
13
What is the highest common factor of 5904 and 1488?
48
Calculate the highest common divisor of 777 and 1815849.
777
Calculate the greatest common divisor of 5290 and 253.
23
What is the highest common divisor of 31494 and 724?
362
What is the highest common factor of 3003 and 676?
13
What is the highest common divisor of 2834 and 156?
26
What is the highest common factor of 494194 and 206?
206
Calculate the greatest common divisor of 84 and 46692.
12
Calculate the highest common divisor of 705 and 122106.
141
Calculate the highest common divisor of 123 and 597042.
123
What is the highest common divisor of 741498 and 6?
6
What is the greatest common factor of 187147 and 527?
31
What is the greatest common divisor of 12 and 310